 Let s be -35 - 3/((-12)/n). Let l = s - -95. List the prime factors of l.
59
Let w be (-12)/(-18)*-66*(-14)/(-8). Let a = 70 + w. Let v(i) = -5*i + 69. What are the prime factors of v(a)?
2, 13
Suppose 5*v - 3*c = -6*c, -3*v + 3*c = 0. Let u be 1 + v - (-3 - -3) - -146. Suppose u = m + 31. What are the prime factors of m?
2, 29
Let t(s) = -3*s**2 + s + 4. Let j(d) = -9*d**2 + 3*d + 12. Let v be (-185)/25 - (-2)/5. Let m(g) = v*t(g) + 2*j(g). What are the prime factors of m(4)?
2, 5
Let b(s) = -1. Let g(l) be the third derivative of -3*l**4/8 - 10*l**3/3 + 35*l**2. Let h(w) = -6*b(w) + g(w). List the prime factors of h(-3).
13
Suppose 5*i - 20 = 0, -5*u + i = 2827 + 477. Let r = u - -2236. List the prime factors of r.
2, 197
List the prime factors of 1386331968/70623 - (-2)/(-57).
2, 5, 13, 151
Suppose 48*n = -24*n + 16*n + 801808. List the prime factors of n.
2, 7159
Let t(y) = -y**3 + 2*y**2 - 3*y - 7. Suppose 63 = -2*f + 47. List the prime factors of t(f).
3, 73
Let p(z) = 2*z**2 + 20*z + 6. Let a be p(-10). Suppose a*m = 2080 + 824. Suppose 8*v - 1148 - m = 0. What are the prime factors of v?
2, 3, 17
Suppose 954*b - 103247 = 931*b. List the prime factors of b.
67
Suppose 561623 + 815887 = 17*x. What are the prime factors of x?
2, 3, 5, 37, 73
Let v = -305 - -307. Suppose 2366 = 4*z + p, 4*z - v*p = 1534 + 826. What are the prime factors of z?
3, 197
Let t be (1 - 1) + 10*7/7. Suppose 5*f - 3950 = -3*v, 15*v - t*v - 3950 = -5*f. List the prime factors of f.
2, 5, 79
Suppose -1177 = 2*o - 1201. Suppose 0 = o*b - 2677 - 1931. List the prime factors of b.
2, 3
Let y = 3324 - 3130. List the prime factors of y.
2, 97
Suppose 16*u - 110 = 6*u. Suppose -u*w = -9798 + 2615. List the prime factors of w.
653
Suppose 76*a + 304 = 72*a. Let b = a - -25. Let n = -12 - b. What are the prime factors of n?
3, 13
Let a(j) = j**2 - 3*j - 9. Let b be a(-6). Let f be (162/b - 6/10)*62. Suppose -3*v + f = -180. List the prime factors of v.
2, 61
Let w(c) = -6*c**2 + 49*c + 179. Let s(f) = f**2 - 10*f - 36. Let x(d) = -11*s(d) - 2*w(d). List the prime factors of x(-11).
3
Let y = 31412 + -6310. List the prime factors of y.
2, 7, 11, 163
Let t = 672 - -1548. List the prime factors of t.
2, 3, 5, 37
Let h(u) = -4*u**3 - 43*u**2 + 60*u + 202. What are the prime factors of h(-24)?
2, 5, 29, 101
Let i(u) = 18*u**2 + 226*u - 23. What are the prime factors of i(-34)?
3, 11, 397
Suppose 0*x + 207 = x. Let j = x + 143. What are the prime factors of j?
2, 5, 7
Suppose 16 = -8*s + 72. Suppose s*z - 11*z = -8. Suppose -4*r = -w + r + 78, 221 = 3*w - z*r. List the prime factors of w.
73
Let q = -117 - -117. Suppose 7*b + 63477 - 9045 = q. List the prime factors of (-2)/(-10) + b/(-45).
173
Let c(u) = 13*u**3 + u**2 + 4*u - 7. Let m be c(8). Suppose 2727 + m = 8*b. List the prime factors of b.
2, 37
Suppose -40*v + 145157 = -212803. What are the prime factors of v?
3, 19, 157
Let y(j) = -2476*j + 169. What are the prime factors of y(-9)?
22453
Let i(w) = 6*w - 13. Let r be i(7). Suppose 0 = -r*p + 13*p + 13072. What are the prime factors of p?
19, 43
Let f(h) = -h**3 - 16*h**2 + 11*h + 525. List the prime factors of f(-35).
3, 5, 7, 223
Suppose -5*y = 3*d - 416526, -5*y + 229*d + 416512 = 230*d. What are the prime factors of y?
3, 27767
Let b be ((-1)/(-2))/(16/(-96))*-504. Let z = 152 + b. List the prime factors of z.
2, 13
Suppose 3*h = -r + 6992, -40*h = -r - 36*h + 7027. List the prime factors of r.
7, 11, 13
Suppose 5*c - 173085 = -5*g, 2*c + 16*g = 12*g + 69226. List the prime factors of c.
89, 389
Let q(k) = -7*k**2 + 7*k + 1. Let m be q(5). Suppose 0 = 5*n + 4*p - 1266, -3*n + 69*p - 64*p + 730 = 0. Let u = n + m. What are the prime factors of u?
3, 37
Suppose 6*i = 5*i + 80. Let k be 79 + -3 + 4 + -6 + 2. Suppose i*o - 84*o = -k. List the prime factors of o.
19
Suppose 7*w = 10*w + 3*b - 69, 5*b + 83 = 4*w. Suppose w*j = 8*j + 22260. List the prime factors of j.
2, 3, 5, 53
Let q = -111 - -111. Suppose -8*k + 1939 + 1101 = q. List the prime factors of k.
2, 5, 19
Let h(v) = 236*v**2 - 49*v - 156. What are the prime factors of h(-3)?
3, 5, 47
Let l(h) = 43*h**2 + 155*h - 30. What are the prime factors of l(18)?
2, 3, 13, 107
Let j(d) = 97*d**2 - 2*d + 8. Suppose 5*r + 4*y + 5 = 0, 15*r - 1 = 13*r - y. What are the prime factors of j(r)?
5, 7
Suppose -4*j = -y - 23535, 5*y - 4*y - 64710 = -11*j. What are the prime factors of j?
3, 37, 53
Suppose -50*v = -52*v - 302. Let x = -39 - v. What are the prime factors of x?
2, 7
Suppose -7*s - 4*s + 9738 = -8*s. What are the prime factors of s?
2, 3, 541
Let n(a) = a**2 - 12. Let g be n(-4). Suppose 0 = -5*d - g*y + 444, d + 4*y + 20 = 96. Let w = d - 41. List the prime factors of w.
3, 17
Let k(n) = 23*n**2 + 7*n - 71 - 74 + 150. What are the prime factors of k(-1)?
3, 7
Let r = 556 - 549. Suppose -3*z = -15, -3*z = r*q - 3*q - 1215. What are the prime factors of q?
2, 3, 5
Let h = -142 + 151. What are the prime factors of (-27)/h + (-1 - -1) + 219?
2, 3
Suppose 78 = -2*r + 94. Suppose -4*n + 4*s = -20, 4*s + r = n - 0*s. Suppose 2*p = p - n*a + 236, 3*p = -a + 653. List the prime factors of p.
2, 3
Let r(i) = -i**3 - 6*i**2 - 5*i. Let o be -6 + (-3 - -2) + 2. Let q be r(o). Suppose q = -3*s + 16 - 4. List the prime factors of s.
2
Let x = -23826 + 16754. List the prime factors of 18/45 - x/20.
2, 3, 59
Let y(m) = -2066*m - 1535. What are the prime factors of y(-11)?
21191
List the prime factors of (-24507)/6*18/(-14 - -5).
3, 7, 389
Let q(k) be the second derivative of 25*k**4/12 + k**3 + 7*k**2/2 + 28*k - 1. List the prime factors of q(-5).
2, 7, 43
Let o = 31 + -31. Suppose o = -20*q + 409 + 471. What are the prime factors of q?
2, 11
Let j = 12829 + -9132. What are the prime factors of j?
3697
Let f = 45 - 45. Suppose d - 43 - 5 = f. Suppose -17*i + 15*i + d = 0. List the prime factors of i.
2, 3
Suppose 11*q = 10*q + 4. Suppose -6*p + q*p + 114 = 0. List the prime factors of p.
3, 19
Let s(d) = 219*d**2 + 57*d - 120. Let a be s(2). Let f = 707 + a. What are the prime factors of f?
19, 83
Suppose -8*l + 14472 = 4*l. Suppose 0 = -4*g + 8 - 12, 3*j - 3*g - l = 0. What are the prime factors of j?
401
Suppose -3*d = -13 + 1. Let q be (2/d)/(5/30). Suppose q*s - 139 = 149. What are the prime factors of s?
2, 3
Let j = 4143 + 10983. What are the prime factors of j?
2, 3, 2521
Let i = 18728 - 5485. List the prime factors of i.
17, 19, 41
Let y = -80 - -56. What are the prime factors of (-508)/y*-8*(-12)/8?
2, 127
Let u be (-7)/(-70)*56 + (-2)/(-5). What are the prime factors of ((-124)/u)/((-23)/207)?
2, 3, 31
Let y(f) = 11*f**2 - 11*f - 50. Let q be y(-5). Suppose z - 2*j - 2*j - q = 0, -290 = -z + 2*j. What are the prime factors of z?
2, 3, 5
Let n(u) = -u + 11. Let g be n(11). Let l = -41 + 43. Suppose 116 = l*t - g*t. What are the prime factors of t?
2, 29
Let y = -181 - -331. Let n = y + 98. What are the prime factors of n?
2, 31
Suppose -16082866 = -475*n - 10420035 + 32022719. List the prime factors of n.
2, 3, 7, 1889
Suppose 0 = 31*y - 47*y + 320. Suppose 5*m = 25, -y*q - 1364 = -23*q - 4*m. List the prime factors of q.
2, 7
Suppose 9*y - 38474 = 4*y - p, 0 = -5*y + p + 38466. What are the prime factors of y?
2, 3847
Let i = -54 - -54. Suppose 2*n - 39 - 111 = i. Suppose -r - 5*z + n = 0, -5*r + z + 435 = 6*z. List the prime factors of r.
2, 3, 5
Let k = 153 - 152. What are the prime factors of (-5 + k)/16 - (-2258)/8?
2, 3, 47
Let j(q) = 20*q**2 - 487*q + 20. What are the prime factors of j(31)?
3, 1381
Suppose -18*x + 17*x + 39959 = 2*a, 3*x + 39955 = 2*a. List the prime factors of a.
19979
Let n(m) = 17*m**3 + 14*m**2 + 2*m + 112. What are the prime factors of n(12)?
2, 7, 563
List the prime factors of -12*333/18*2/(-4)*27.
3, 37
Let k(w) = 40*w**2 - 15*w - 44. Let b be k(-4). Suppose -2*y + 25 = 17, -b = -2*a + 2*y. What are the prime factors of a?
2, 83
Let s(r) = -r**3 - 15*r**2 + 31*r - 46. Let w be s(-17). Suppose 0*k = w*p - k - 2712, 3*k = -p + 552. List the prime factors of p.
3, 181
List the prime factors of ((-488425)/(-350))/((-2)/(-32)).
2, 2791
Let w = 35 - 31. Let y be 4/(-1 + w/(-4)) + 116. Suppose 3*f - 18 - y = 0. What are the prime factors of f?
2, 11
Suppose 12717 = -10*i + 19*i. Suppose -22*v